 4?
-2c6
In base 7, what is -5 - 36?
-44
In base 9, what is 4 + 38?
43
In base 10, what is 23 - 58?
-35
In base 2, what is -100100 + -11101?
-1000001
In base 2, what is -110 - 10100?
-11010
In base 16, what is 9 - -70?
79
In base 6, what is 333 - 5?
324
In base 13, what is -73 - 2a?
-a0
In base 3, what is -120 + 11021?
10201
In base 3, what is 2 - -10?
12
In base 5, what is 210 + -2?
203
In base 6, what is -2532 + -32?
-3004
In base 2, what is 10 + 1001?
1011
In base 5, what is -2040 + 1?
-2034
In base 6, what is 305 - -4?
313
In base 5, what is 22 + -102?
-30
In base 16, what is 1 + -169?
-168
In base 9, what is 12 - 3?
8
In base 4, what is 103030 + -11?
103013
In base 14, what is 5 - 43?
-3c
In base 11, what is -49 + -16?
-64
In base 2, what is -1100 + 101110?
100010
In base 3, what is 1201210220 - -1?
1201210221
In base 8, what is 6662 - -5?
6667
In base 8, what is 316 + 0?
316
In base 4, what is -20331 + 1?
-20330
In base 15, what is 3 - -76?
79
In base 9, what is -61 - -56?
-4
In base 2, what is -11 + 11010111?
11010100
In base 9, what is 13 - 400?
-376
In base 14, what is -bd4 - 4?
-bd8
In base 15, what is -3 - -78d?
78a
In base 6, what is 2 - 32153?
-32151
In base 16, what is 0 + -4d?
-4d
In base 4, what is 122321 - -13?
123000
In base 3, what is 1001 - -11?
1012
In base 3, what is -11220 + -11?
-12001
In base 13, what is 3692 + -3?
368c
In base 15, what is 158 + 35?
18d
In base 5, what is -42 + -13?
-110
In base 11, what is 19 - -602?
620
In base 12, what is -9 + 35?
28
In base 15, what is a - 1d?
-13
In base 4, what is 33 + 120?
213
In base 8, what is -4 - 3242?
-3246
In base 6, what is -2313 + 1?
-2312
In base 11, what is -1424 - 3?
-1427
In base 7, what is 11102 - -5?
11110
In base 3, what is -1 + 2121?
2120
In base 9, what is -5 + 6210?
6204
In base 10, what is 91 + -307?
-216
In base 7, what is 446 - -13?
462
In base 12, what is 67 - 3?
64
In base 9, what is 1117 + -6?
1111
In base 12, what is 350 - 4?
348
In base 6, what is 235 + 153?
432
In base 5, what is 2 + -212?
-210
In base 11, what is -2 + 2a4?
2a2
In base 6, what is -341 + -412?
-1153
In base 2, what is 110100010111 - -100?
110100011011
In base 7, what is 262 + -2?
260
In base 13, what is 108a + -5?
1085
In base 16, what is 0 - 174?
-174
In base 9, what is 0 + -6038?
-6038
In base 6, what is 214 - 0?
214
In base 7, what is 114 - -2?
116
In base 13, what is -161 + -2?
-163
In base 4, what is -1121 + -2?
-1123
In base 3, what is 0 + 2011122?
2011122
In base 13, what is 923 + -2?
921
In base 16, what is -f - 4b?
-5a
In base 12, what is -209 - -3?
-206
In base 13, what is 5 - -19b?
1a3
In base 10, what is 4 - 1446?
-1442
In base 2, what is 0 - -100011000100?
100011000100
In base 2, what is 1111010 - -1011?
10000101
In base 5, what is -3 + -134144?
-134202
In base 5, what is -1231302 - 1?
-1231303
In base 2, what is -1001101101 + 1111?
-1001011110
In base 5, what is -10 + 4103?
4043
In base 16, what is -3993 - -1?
-3992
In base 13, what is -8 - -183?
178
In base 16, what is 89f + -3?
89c
In base 5, what is 124034 + 3?
124042
In base 14, what is 8c + 3?
91
In base 7, what is 4250 - -6?
4256
In base 15, what is -71 + 4?
-6c
In base 3, what is -112 + 1002?
120
In base 9, what is -1 - 204?
-205
In base 8, what is 1 + -3334?
-3333
In base 12, what is 148 + -89?
7b
In base 3, what is -10111 + 0?
-10111
In base 16, what is 1 - -14?
15
In base 15, what is b2d3 + -5?
b2cd
In base 16, what is -b0 + -2?
-b2
In base 5, what is 2 - 22013?
-22011
In base 2, what is -110010000 + 11?
-110001101
In base 4, what is -330002 + -12?
-330020
In base 15, what is -30 + e?
-21
In base 15, what is 2b11 - 1?
2b10
In base 3, what is 2002210 + -2?
2002201
In base 16, what is -e - f6?
-104
In base 8, what is 1 + 163?
164
In base 16, what is -1 - 7?
-8
In base 12, what is 2 + 9a?
a0
In base 12, what is -24 - -14?
-10
In base 8, what is 63674 - 0?
63674
In base 15, what is -b + -217?
-223
In base 12, what is -15a46 + 0?
-15a46
In base 7, what is -4 + -2123?
-2130
In base 11, what is 0 - 271?
-271
In base 7, what is 0 + -425?
-425
In base 9, what is 2 + -380?
-377
In base 15, what is -5 + b5?
b0
In base 13, what is 1bb - -7?
1c5
In base 7, what is -1 - -161?
160
In base 13, what is 1 - -4a6?
4a7
In base 8, what is 41 + -1?
40
In base 13, what is -2 + -54?
-56
In base 5, what is -41434 + -2?
-41441
In base 7, what is -45 - -4?
-41
In base 13, what is 4 + 41b?
422
In base 16, what is -129 + 3?
-126
In base 15, what is -16 - 1a3?
-1b9
In base 3, what is 21 + 1000002?
1000100
In base 5, what is 424 + 2?
431
In base 12, what is -3 - -2b22?
2b1b
In base 3, what is -10 - -200?
120
In base 8, what is -14 - 6?
-22
In base 9, what is -1518 + 4?
-1514
In base 16, what is -5c + -12?
-6e
In base 10, what is 50 - -4?
54
In base 14, what is -4 + 20?
1a
In base 15, what is 578 + -d?
56a
In base 16, what is 1 + -3f?
-3e
In base 5, what is 0 + -231?
-231
In base 16, what is e - 8f?
-81
In base 16, what is 8b + -9?
82
In base 11, what is -1386 + -2?
-1388
In base 11, what is -5 + 42a?
425
In base 10, what is 4 - 712?
-708
In base 3, what is -12 + -1022100?
-1022112
In base 12, what is -b + -4?
-13
In base 16, what is -209 - -3?
-206
In base 7, what is 2 + 445?
450
In base 7, what is 1113 - 10?
1103
In base 4, what is -3 + 102321?
102312
In base 6, what is 115 + 1003?
1122
In base 13, what is -b - -20?
12
In base 11, what is -50 - -10?
-40
In base 3, what is -2 + -1010110?
-1010112
In base 8, what is -22 - 37?
-61
In base 3, what is 10211 - -10102?
21020
In base 15, what is -1 - 72?
-73
In base 6, what is -11 + -21?
-32
In base 12, what is -215 + 4?
-211
In base 5, what is -3 + 23?
20
In base 5, what is 32 + 312?
344
In base 6, what is 1 + -14330?
-14325
In base 4, what is -12223 + 0?
-12223
In base 14, what is 843 - -3?
846
In base 14, what is -3 - 19ab?
-19b0
In base 15, what is -3 + 127?
124
In base 8, what is 6505 - 2?
6503
In base 16, what is -22 - 7?
-29
In base 12, what is 2 + 6a9?
6ab
In base 11, what is -359 + 1?
-358
In base 8, what is 1770 + -1?
1767
In base 11, what is 4825 - 3?
4822
In base 9, what is 8 - -2?
11
In base 9, what is 1008 - -3?
1012
In base 12, what is 215 + -9?
208
In base 3, what is -221122 - 12?
-221211
In base 9, what is -1 - -4?
3
In base 16, what is -a0 + 1f?
-81
In base 2, what is -11 + -11001?
-11100
In base 12, what is -187 - 0?
-187
In base 16, what is -25 - 2?
-27
In base 7, what is -4 - 206?
-213
In base 3, what is 11120 - -10?
11200
In base 14, what is 118 + 1?
119
In base 4, what is 0 - 3012?
-3012
In base 8, what is -565 - -4?
-561
In base 8, what is -4 + -124?
-130
In base 5, what is -223 - 30?
-303
In base 9, what is -14342 - -2?
-14340
In base 5, what is -204 - 14?
-223
In base 3, what is -10 - -10101?
10021
In base 5, what is -210 + -131?
-341
In base 12, what is 5b + 7?
66
In base 15, what is -3 - 51c?
-520
In base 15, what is d - -c0?
cd
In base 15, what is -36 - -b?
-2a
In base 7, what is 101 - 23?
45
In base 4, what is 10 + -223?
-213
In base 3, what is 1101 + 1?
1102
In base 9, what is -2502 + 4?
-2487
In base 7, what is -5 - 5036?
-5044
In base 10, what is 746 - 15?
731
In base 15, what is 3 + -dde?
-ddb
In base 5, what is -1 - 10130?
-10131
In base 3, what is -2 - -220022?
220020
In base 9, what is 372 - -3?
375
In base 6, what is -543 + -4?
-551
In base 10, what is 191 + 74?
265
In base 7, what is -51646 + 4?
-51642
In base 12, what is 5 + -22?
-19
In base 15, what is -3 - -124b?
1248
In base 10, what is 91 + -3?
88
In base 3, what is 1 + 1211?
1212
In base 8, what is -26 + 14?
-12
In base 9, what is -1468 + -5?
-1474
In base 8, what is 0 - -4612?
4612
In base 15, what is -2 - -130?
12d
In base 16, what is f + 4?
13
In base 8, what is -36 + -102?
-140
In base 16, what is 21 - -36?
57
In base 7, what is -5022 - -13?
-5006
In base 16, what is 7 + -3?
4
In base 10, what is 5 + 68?
73
In base 14, what is -25 - -10d?
c8
In base 6, what is -5 + -1441?
-1450
In base 10, what is -399 - -2?
-397
In base 13, what is 78 + -2?
76
In base 15, what is 9 + 0?
9
In base 5, what is 4 - -34421?
34430
In base 7, what is -2 - -140?
135
In base 11, what is 0 - -169?
169
In base 16, what is -1 - -6?
5
In base 14, what is 68 + 15?
7d
In base 10, what is -1173 + -3?
-1176
In base 3, what is -21